{"id":32,"date":"2022-05-19T15:38:39","date_gmt":"2022-05-19T13:38:39","guid":{"rendered":"http:\/\/populationonevr.fr\/?page_id=32"},"modified":"2022-05-19T16:18:32","modified_gmt":"2022-05-19T14:18:32","slug":"faites-vous-des-amis","status":"publish","type":"page","link":"https:\/\/www.populationonevr.fr\/?page_id=32","title":{"rendered":"Faites vous des amis"},"content":{"rendered":"\n<p>Ici vous trouverez de quoi vous faire une petite communaut\u00e9 francophone soit par pseudo ou par code ami. Pensez \u00e0 ajouter FR dans votre pseudo pour trouver d&#8217;autres amis dans le lobby. Si vous souhaitez \u00eatre affich\u00e9 ici n&#8217;h\u00e9sitez pas \u00e0 me contacter et \u00e0 pr\u00e9ciser votre tranche d&#8217;\u00e2ge.<\/p>\n","protected":false},"excerpt":{"rendered":"<p>Ici vous trouverez de quoi vous faire une petite communaut\u00e9 francophone soit par pseudo ou par code ami. Pensez \u00e0 ajouter FR dans votre pseudo &hellip; <\/p>\n","protected":false},"author":1,"featured_media":33,"parent":0,"menu_order":0,"comment_status":"closed","ping_status":"closed","template":"","meta":[],"_links":{"self":[{"href":"https:\/\/www.populationonevr.fr\/index.php?rest_route=\/wp\/v2\/pages\/32"}],"collection":[{"href":"https:\/\/www.populationonevr.fr\/index.php?rest_route=\/wp\/v2\/pages"}],"about":[{"href":"https:\/\/www.populationonevr.fr\/index.php?rest_route=\/wp\/v2\/types\/page"}],"author":[{"embeddable":true,"href":"https:\/\/www.populationonevr.fr\/index.php?rest_route=\/wp\/v2\/users\/1"}],"replies":[{"embeddable":true,"href":"https:\/\/www.populationonevr.fr\/index.php?rest_route=%2Fwp%2Fv2%2Fcomments&post=32"}],"version-history":[{"count":4,"href":"https:\/\/www.populationonevr.fr\/index.php?rest_route=\/wp\/v2\/pages\/32\/revisions"}],"predecessor-version":[{"id":47,"href":"https:\/\/www.populationonevr.fr\/index.php?rest_route=\/wp\/v2\/pages\/32\/revisions\/47"}],"wp:featuredmedia":[{"embeddable":true,"href":"https:\/\/www.populationonevr.fr\/index.php?rest_route=\/wp\/v2\/media\/33"}],"wp:attachment":[{"href":"https:\/\/www.populationonevr.fr\/index.php?rest_route=%2Fwp%2Fv2%2Fmedia&parent=32"}],"curies":[{"name":"wp","href":"https:\/\/api.w.org\/{rel}","templated":true}]}}